{"id":75,"date":"2018-01-09T12:14:13","date_gmt":"2018-01-09T12:14:13","guid":{"rendered":"http:\/\/temp.kita-lisa.de\/?page_id=75"},"modified":"2025-07-21T14:24:35","modified_gmt":"2025-07-21T12:24:35","slug":"elternrundgaenge","status":"publish","type":"page","link":"https:\/\/hort-friedolin.de\/?page_id=75","title":{"rendered":"Ferienanmeldung"},"content":{"rendered":"<p>Unser Hort \u00f6ffnet in den Ferien je nach angemeldeter Betreuungszeit im Rahmen unserer \u00d6ffnungszeit.<\/p>\n<p>Bitte melden Sie ca. 4 Wochen vor den jeweiligen Ferien Ihr Kind f\u00fcr unsere Ferienbetreuung an, damit wir entsprechend die \u00d6ffnungszeit, unseren Personaleinsatz sowie Ferienprojekte und Ausfl\u00fcge gut planen k\u00f6nnen. Auch f\u00fcr den bedarfsgerechten Einkauf von Eintrittskarten ben\u00f6tigen wir die Anmeldung. In der Horttasche finden Sie zu gegebener Zeit eine Abfrage f\u00fcr die Ferienbetreuung. Sie k\u00f6nnen Ihr Kind auch formlos mit einer Information in der Horttasche anmelden. <em>Wir empfehlen, sich eine Kopie oder ein Foto der Anmeldung zu machen.\u00a0<\/em><\/p>\n<p>Denken Sie bitte auch daran, Ihr Kind schnellstm\u00f6glich abzumelden, falls es doch nicht in den Hort kommt. Wir sind verpflichtet, dem Verbleib eines jeden angemeldeten Kindes (auch polizeilich) nachzugehen.<\/p>\n<p>Das Mittagessen f\u00fcr die Ferien muss f\u00fcr Ferienhortkinder bei dem Essenanbieter bestellt werden.<\/p>\n<p>\u00a0<\/p>\n\n\n<p><\/p>\n","protected":false},"excerpt":{"rendered":"<p>Unser Hort \u00f6ffnet in den Ferien je nach angemeldeter Betreuungszeit im Rahmen unserer \u00d6ffnungszeit. Bitte melden Sie ca. 4 Wochen vor den jeweiligen Ferien Ihr Kind f\u00fcr unsere Ferienbetreuung an, damit wir entsprechend die \u00d6ffnungszeit, unseren Personaleinsatz sowie Ferienprojekte und Ausfl\u00fcge gut planen k\u00f6nnen. Auch f\u00fcr den bedarfsgerechten Einkauf von Eintrittskarten ben\u00f6tigen wir die Anmeldung. <a class=\"more-link\" href=\"https:\/\/hort-friedolin.de\/?page_id=75\">weiterlesen&#8230;<\/a><\/p>\n","protected":false},"author":1,"featured_media":0,"parent":0,"menu_order":0,"comment_status":"closed","ping_status":"closed","template":"","meta":{"footnotes":""},"class_list":["post-75","page","type-page","status-publish","hentry"],"_links":{"self":[{"href":"https:\/\/hort-friedolin.de\/index.php?rest_route=\/wp\/v2\/pages\/75","targetHints":{"allow":["GET"]}}],"collection":[{"href":"https:\/\/hort-friedolin.de\/index.php?rest_route=\/wp\/v2\/pages"}],"about":[{"href":"https:\/\/hort-friedolin.de\/index.php?rest_route=\/wp\/v2\/types\/page"}],"author":[{"embeddable":true,"href":"https:\/\/hort-friedolin.de\/index.php?rest_route=\/wp\/v2\/users\/1"}],"replies":[{"embeddable":true,"href":"https:\/\/hort-friedolin.de\/index.php?rest_route=%2Fwp%2Fv2%2Fcomments&post=75"}],"version-history":[{"count":26,"href":"https:\/\/hort-friedolin.de\/index.php?rest_route=\/wp\/v2\/pages\/75\/revisions"}],"predecessor-version":[{"id":1787,"href":"https:\/\/hort-friedolin.de\/index.php?rest_route=\/wp\/v2\/pages\/75\/revisions\/1787"}],"wp:attachment":[{"href":"https:\/\/hort-friedolin.de\/index.php?rest_route=%2Fwp%2Fv2%2Fmedia&parent=75"}],"curies":[{"name":"wp","href":"https:\/\/api.w.org\/{rel}","templated":true}]}}

<p>Unser Hort öffnet in den Ferien je nach angemeldeter Betreuungszeit im Rahmen unserer Öffnungszeit.</p>
<p>Bitte melden Sie ca. 4 Wochen vor den jeweiligen Ferien Ihr Kind für unsere Ferienbetreuung an, damit wir entsprechend die Öffnungszeit, unseren Personaleinsatz sowie Ferienprojekte und Ausflüge gut planen können. Auch für den bedarfsgerechten Einkauf von Eintrittskarten benötigen wir die Anmeldung. In der Horttasche finden Sie zu gegebener Zeit eine Abfrage für die Ferienbetreuung. Sie können Ihr Kind auch formlos mit einer Information in der Horttasche anmelden. <em>Wir empfehlen, sich eine Kopie oder ein Foto der Anmeldung zu machen. </em></p>
<p>Denken Sie bitte auch daran, Ihr Kind schnellstmöglich abzumelden, falls es doch nicht in den Hort kommt. Wir sind verpflichtet, dem Verbleib eines jeden angemeldeten Kindes (auch polizeilich) nachzugehen.</p>
<p>Das Mittagessen für die Ferien muss für Ferienhortkinder bei dem Essenanbieter bestellt werden.</p>
<p> </p>


<p></p>

<p>Unser Hort öffnet in den Ferien je nach angemeldeter Betreuungszeit im Rahmen unserer Öffnungszeit. Bitte melden Sie ca. 4 Wochen vor den jeweiligen Ferien Ihr Kind für unsere Ferienbetreuung an, damit wir entsprechend die Öffnungszeit, unseren Personaleinsatz sowie Ferienprojekte und Ausflüge gut planen können. Auch für den bedarfsgerechten Einkauf von Eintrittskarten benötigen wir die Anmeldung. <a class="more-link" href="https://hort-friedolin.de/?page_id=75">weiterlesen&#8230;</a></p>
