{"id":365,"date":"2018-04-13T08:33:31","date_gmt":"2018-04-13T08:33:31","guid":{"rendered":"http:\/\/temp.kita-lisa.de\/?page_id=365"},"modified":"2026-04-13T13:43:51","modified_gmt":"2026-04-13T11:43:51","slug":"herzlich-willkommen","status":"publish","type":"page","link":"https:\/\/hort-friedolin.de\/","title":{"rendered":"Aktuelles &#038; Termine"},"content":{"rendered":"\n<h1 class=\"wp-block-heading has-normal-font-size\">Stand: 13.04.26<\/h1>\n\n\n\n<h2 class=\"wp-block-heading\"><\/h2>\n\n\n\n<h2 class=\"wp-block-heading\">Informationen f\u00fcr Sie<\/h2>\n\n\n\n<p>Schauen Sie regelm\u00e4\u00dfig in die Horttasche Ihres Kindes. Sie finden dort Abfragen zur Ferienbetreuung und wichtige Informationen. <\/p>\n\n\n\n<h2 class=\"wp-block-heading\">Grundschule und Hort im Dialog<\/h2>\n\n\n\n<p>&nbsp;Wir freuen uns, dass die gemeinsame Bewerbung von Schul- und Hortleitung f\u00fcr eine Prozessbegleitung im Rahmen des Programms &#8222;gemeinsam bildet&#8220; erfolgreich war. Ziel ist es, mit Unterst\u00fctzung einer externen Moderatorin und Prozessbegleiterin, weiterhin gemeinsame Strukturen in der Auslagerungssituation zu erarbeiten. Das sind zum Beispiel Strukturen f\u00fcr Absprachen und der Zusammenarbeit zwischen den Fachkr\u00e4ften von Schule und Hort. Uns ist auch der Erhalt dieser Strukturen nach der Auslagerung wichtig, also f\u00fcr die Zeit ab voraussichtlich Ende 2027. Dann beziehen wir wieder mit den 1. und 2. Klassen das Horthaus. <\/p>\n\n\n\n<h2 class=\"wp-block-heading\">Zufriedenheitsbefragung<\/h2>\n\n\n\n<p>Im Januar und Februar haben wir auf freiwilliger Basis die Kinder befragt, wie zufrieden sie mit der Gestaltung ihres Hortnachmittages sind. Ziel ist die weitere Verbesserung unserer p\u00e4dagogischen Qualit\u00e4t unter den gegebenen Umst\u00e4nden der Auslagerung im Schulhaus. Es haben sich 96 Kinder (von 173) beteiligt. Fragen waren zum Beispiel:<\/p>\n\n\n\n<ul class=\"wp-block-list\">\n<li>Was gef\u00e4llt dir im Hort gut und warum? Welche Angebote und R\u00e4ume im Hort nutzt du besonders gern?<\/li>\n<\/ul>\n\n\n\n<ul class=\"wp-block-list\">\n<li>Was w\u00fcnschst du dir noch an Materialien und Angeboten?<\/li>\n<\/ul>\n\n\n\n<ul class=\"wp-block-list\">\n<li>Kannst du deine Ideen f\u00fcr die Gestaltung deines Nachmittages und deiner Ferientage im Hort gut umsetzen?  Unterst\u00fctzen dich die p\u00e4dagogischen Fachkr\u00e4fte dabei gut?  <\/li>\n<\/ul>\n\n\n\n<p>Die Ergebnisse der Befragung werten wir im Team aus und ziehen R\u00fcckschl\u00fcsse zur weiteren Verbesserung unserer Arbeit. Wir m\u00f6chten, dass sich jedes Kind bei uns im Hort wohl f\u00fchlt und gern seinen Nachmittag gemeinsam mit anderen Kindern verbringt.  Die p\u00e4dagogischen Fachkr\u00e4fte begleiten und unterst\u00fctzen die Kinder dabei.   <\/p>\n\n\n\n<p><\/p>\n\n\n\n<p><\/p>\n","protected":false},"excerpt":{"rendered":"<p>Stand: 13.04.26 Informationen f\u00fcr Sie Schauen Sie regelm\u00e4\u00dfig in die Horttasche Ihres Kindes. Sie finden dort Abfragen zur Ferienbetreuung und wichtige Informationen. Grundschule und Hort im Dialog &nbsp;Wir freuen uns, dass die gemeinsame Bewerbung von Schul- und Hortleitung f\u00fcr eine Prozessbegleitung im Rahmen des Programms &#8222;gemeinsam bildet&#8220; erfolgreich war. Ziel ist es, mit Unterst\u00fctzung einer <a class=\"more-link\" href=\"https:\/\/hort-friedolin.de\/\">weiterlesen&#8230;<\/a><\/p>\n","protected":false},"author":1,"featured_media":0,"parent":0,"menu_order":0,"comment_status":"closed","ping_status":"closed","template":"","meta":{"footnotes":""},"class_list":["post-365","page","type-page","status-publish","hentry"],"_links":{"self":[{"href":"https:\/\/hort-friedolin.de\/index.php?rest_route=\/wp\/v2\/pages\/365","targetHints":{"allow":["GET"]}}],"collection":[{"href":"https:\/\/hort-friedolin.de\/index.php?rest_route=\/wp\/v2\/pages"}],"about":[{"href":"https:\/\/hort-friedolin.de\/index.php?rest_route=\/wp\/v2\/types\/page"}],"author":[{"embeddable":true,"href":"https:\/\/hort-friedolin.de\/index.php?rest_route=\/wp\/v2\/users\/1"}],"replies":[{"embeddable":true,"href":"https:\/\/hort-friedolin.de\/index.php?rest_route=%2Fwp%2Fv2%2Fcomments&post=365"}],"version-history":[{"count":298,"href":"https:\/\/hort-friedolin.de\/index.php?rest_route=\/wp\/v2\/pages\/365\/revisions"}],"predecessor-version":[{"id":1866,"href":"https:\/\/hort-friedolin.de\/index.php?rest_route=\/wp\/v2\/pages\/365\/revisions\/1866"}],"wp:attachment":[{"href":"https:\/\/hort-friedolin.de\/index.php?rest_route=%2Fwp%2Fv2%2Fmedia&parent=365"}],"curies":[{"name":"wp","href":"https:\/\/api.w.org\/{rel}","templated":true}]}}

<h1 class="wp-block-heading has-normal-font-size">Stand: 13.04.26</h1>



<h2 class="wp-block-heading"></h2>



<h2 class="wp-block-heading">Informationen für Sie</h2>



<p>Schauen Sie regelmäßig in die Horttasche Ihres Kindes. Sie finden dort Abfragen zur Ferienbetreuung und wichtige Informationen. </p>



<h2 class="wp-block-heading">Grundschule und Hort im Dialog</h2>



<p>&nbsp;Wir freuen uns, dass die gemeinsame Bewerbung von Schul- und Hortleitung für eine Prozessbegleitung im Rahmen des Programms &#8222;gemeinsam bildet&#8220; erfolgreich war. Ziel ist es, mit Unterstützung einer externen Moderatorin und Prozessbegleiterin, weiterhin gemeinsame Strukturen in der Auslagerungssituation zu erarbeiten. Das sind zum Beispiel Strukturen für Absprachen und der Zusammenarbeit zwischen den Fachkräften von Schule und Hort. Uns ist auch der Erhalt dieser Strukturen nach der Auslagerung wichtig, also für die Zeit ab voraussichtlich Ende 2027. Dann beziehen wir wieder mit den 1. und 2. Klassen das Horthaus. </p>



<h2 class="wp-block-heading">Zufriedenheitsbefragung</h2>



<p>Im Januar und Februar haben wir auf freiwilliger Basis die Kinder befragt, wie zufrieden sie mit der Gestaltung ihres Hortnachmittages sind. Ziel ist die weitere Verbesserung unserer pädagogischen Qualität unter den gegebenen Umständen der Auslagerung im Schulhaus. Es haben sich 96 Kinder (von 173) beteiligt. Fragen waren zum Beispiel:</p>



<ul class="wp-block-list">
<li>Was gefällt dir im Hort gut und warum? Welche Angebote und Räume im Hort nutzt du besonders gern?</li>
</ul>



<ul class="wp-block-list">
<li>Was wünschst du dir noch an Materialien und Angeboten?</li>
</ul>



<ul class="wp-block-list">
<li>Kannst du deine Ideen für die Gestaltung deines Nachmittages und deiner Ferientage im Hort gut umsetzen?  Unterstützen dich die pädagogischen Fachkräfte dabei gut?  </li>
</ul>



<p>Die Ergebnisse der Befragung werten wir im Team aus und ziehen Rückschlüsse zur weiteren Verbesserung unserer Arbeit. Wir möchten, dass sich jedes Kind bei uns im Hort wohl fühlt und gern seinen Nachmittag gemeinsam mit anderen Kindern verbringt.  Die pädagogischen Fachkräfte begleiten und unterstützen die Kinder dabei.   </p>



<p></p>



<p></p>

<p>Stand: 13.04.26 Informationen für Sie Schauen Sie regelmäßig in die Horttasche Ihres Kindes. Sie finden dort Abfragen zur Ferienbetreuung und wichtige Informationen. Grundschule und Hort im Dialog &nbsp;Wir freuen uns, dass die gemeinsame Bewerbung von Schul- und Hortleitung für eine Prozessbegleitung im Rahmen des Programms &#8222;gemeinsam bildet&#8220; erfolgreich war. Ziel ist es, mit Unterstützung einer <a class="more-link" href="https://hort-friedolin.de/">weiterlesen&#8230;</a></p>
