{"id":1055,"date":"2020-11-11T09:09:51","date_gmt":"2020-11-11T07:09:51","guid":{"rendered":"http:\/\/hort-friedolin.de\/?page_id=1055"},"modified":"2026-01-16T15:44:51","modified_gmt":"2026-01-16T13:44:51","slug":"oeffnungszeiten-schliesszeiten","status":"publish","type":"page","link":"https:\/\/hort-friedolin.de\/?page_id=1055","title":{"rendered":"\u00d6ffnungszeiten \/Schlie\u00dfzeiten"},"content":{"rendered":"\n<h2 class=\"wp-block-heading\">\u00d6ffnungszeiten<\/h2>\n\n\n<p>Die Rahmen\u00f6ffnungszeit kommunaler Kindertageseinrichtungen ist von 6:00 bis 18:00 Uhr. Mit einer j\u00e4hrlichen Elternbefragung werden die Bedarfe der \u00d6ffnungszeit der Einrichtung abgefragt und anschlie\u00dfend vom Elternrat festgelegt.<\/p>\n<p>Die Einrichtung ist 2026 von <strong>6.30 bis 17.30 Uhr<\/strong> ge\u00f6ffnet. Bitte den Betreuungsbedarf f\u00fcr die Zeit von 6.30 bis 7.15 Uhr vorher anzeigen.\u00a0<\/p>\n\n\n<h2 class=\"wp-block-heading\">Schlie\u00dfzeiten<\/h2>\n\n\n<p>Zwischen Weihnachten und dem Jahreswechsel sowie an drei weiteren beweglichen Tagen f\u00fcr Teamfortbildungen\/ Betriebsausflug des Personals bleibt die Einrichtung geschlossen. Eine Ersatzbetreuung in anderen Einrichtungen kann bei Bedarf vermittelt werden. Wenden Sie sich bitte hierzu mindestens 4 Wochen vorab an die Hort-Leitung.<\/p>\n<p>Die\u00a0<strong>Schlie\u00dfzeiten f\u00fcr 2026<\/strong>\u00a0sind:\u00a0<\/p>\n<ul>\n<li><strong>02. Januar 2026<\/strong><\/li>\n<li><strong>27. M\u00e4rz 2026<\/strong><\/li>\n<li><strong>26. Mai 2026<\/strong><\/li>\n<li><strong>30. Oktober 2026<\/strong><\/li>\n<li><strong>Vom 24.12.2026 \u2013 01.01.2027 ist der Hort ebenfalls geschlossen.\u00a0<\/strong><\/li>\n<\/ul>\n\n\n<p><\/p>\n","protected":false},"excerpt":{"rendered":"<p>\u00d6ffnungszeiten Die Rahmen\u00f6ffnungszeit kommunaler Kindertageseinrichtungen ist von 6:00 bis 18:00 Uhr. Mit einer j\u00e4hrlichen Elternbefragung werden die Bedarfe der \u00d6ffnungszeit der Einrichtung abgefragt und anschlie\u00dfend vom Elternrat festgelegt. Die Einrichtung ist 2026 von 6.30 bis 17.30 Uhr ge\u00f6ffnet. Bitte den Betreuungsbedarf f\u00fcr die Zeit von 6.30 bis 7.15 Uhr vorher anzeigen.\u00a0 Schlie\u00dfzeiten Zwischen Weihnachten und <a class=\"more-link\" href=\"https:\/\/hort-friedolin.de\/?page_id=1055\">weiterlesen&#8230;<\/a><\/p>\n","protected":false},"author":6,"featured_media":0,"parent":0,"menu_order":0,"comment_status":"closed","ping_status":"closed","template":"","meta":{"footnotes":""},"class_list":["post-1055","page","type-page","status-publish","hentry"],"_links":{"self":[{"href":"https:\/\/hort-friedolin.de\/index.php?rest_route=\/wp\/v2\/pages\/1055","targetHints":{"allow":["GET"]}}],"collection":[{"href":"https:\/\/hort-friedolin.de\/index.php?rest_route=\/wp\/v2\/pages"}],"about":[{"href":"https:\/\/hort-friedolin.de\/index.php?rest_route=\/wp\/v2\/types\/page"}],"author":[{"embeddable":true,"href":"https:\/\/hort-friedolin.de\/index.php?rest_route=\/wp\/v2\/users\/6"}],"replies":[{"embeddable":true,"href":"https:\/\/hort-friedolin.de\/index.php?rest_route=%2Fwp%2Fv2%2Fcomments&post=1055"}],"version-history":[{"count":18,"href":"https:\/\/hort-friedolin.de\/index.php?rest_route=\/wp\/v2\/pages\/1055\/revisions"}],"predecessor-version":[{"id":1834,"href":"https:\/\/hort-friedolin.de\/index.php?rest_route=\/wp\/v2\/pages\/1055\/revisions\/1834"}],"wp:attachment":[{"href":"https:\/\/hort-friedolin.de\/index.php?rest_route=%2Fwp%2Fv2%2Fmedia&parent=1055"}],"curies":[{"name":"wp","href":"https:\/\/api.w.org\/{rel}","templated":true}]}}